{"id":3736,"date":"2024-02-23T18:38:28","date_gmt":"2024-02-23T17:38:28","guid":{"rendered":"https:\/\/kind-johnson.89-22-123-15.plesk.page\/index.php\/produkt\/intervall-parfuemfrei-squalanoel-aireless\/"},"modified":"2026-02-23T19:35:04","modified_gmt":"2026-02-23T18:35:04","slug":"intervall-parfuemfrei-squalanoel-airelss-50-ml-phase-2","status":"publish","type":"product","link":"https:\/\/www.hautquartier.com\/produkt\/intervall-parfuemfrei-squalanoel-airelss-50-ml-phase-2\/","title":{"rendered":"intervall parf\u00fcmfrei Squalan\u00f6l airelss \/\/ 50 ml \/\/ Phase 2"},"content":{"rendered":"<h3>ZUSAMMENSETZUNG:<\/h3>\n<p>Wasser in \u00d6l Emulsion mit Avocado\u00f6l, Squalan, hautidentischer gro\u00dfmolekularer Hyalurons\u00e4ure und einem feuchtigkeitsregulierenden Mineralienkomplex.<\/p>\n<h3>ANWENDUNGSGEBIETE:<\/h3>\n<p>Bei d\u00fcnner, trockener und sensibler Haut, bei St\u00f6rungen im Wasserhaushalt der Haut, sowie zur Intervalltherapie mit phase 2 aktive regeneration.<br \/>\n[TAB:Wirkungsweise]<br \/>\nphase 2 intervall bindet \u00fcber l\u00e4ngere Zeit Fett und Feuchtigkeit in den \u00e4u\u00dferen Hautschichten. Die Wiederherstellung des Gleichgewichtes im Wasserhaushalt der Haut wird mit Hilfe des Mineralstoffkomplexes und Hyalurons\u00e4ure unterst\u00fctzt. Besonders effektiv ist phase 2 intervall auch bei Verhornungsst\u00f6rungen und \u00dcberverhornung.[TAB:Anwendung]Menge, Einwirkungszeit und H\u00e4ufigkeit der Anwendung ist nach dem individuellen und aktuellen Hautzustand festzulegen..<\/p>\n","protected":false},"excerpt":{"rendered":"<p>intervall parf\u00fcmfrei Squalan\u00f6l airelss \/\/ 50 ml \/\/ Phase 2<\/p>\n","protected":false},"featured_media":1508,"comment_status":"closed","ping_status":"closed","template":"","meta":[],"product_brand":[],"product_cat":[152],"product_tag":[],"class_list":{"0":"post-3736","1":"product","2":"type-product","3":"status-publish","6":"product_cat-naturescience","8":"first","9":"instock","10":"taxable","11":"shipping-taxable","12":"product-type-simple"},"_links":{"self":[{"href":"https:\/\/www.hautquartier.com\/wp-json\/wp\/v2\/product\/3736","targetHints":{"allow":["GET"]}}],"collection":[{"href":"https:\/\/www.hautquartier.com\/wp-json\/wp\/v2\/product"}],"about":[{"href":"https:\/\/www.hautquartier.com\/wp-json\/wp\/v2\/types\/product"}],"replies":[{"embeddable":true,"href":"https:\/\/www.hautquartier.com\/wp-json\/wp\/v2\/comments?post=3736"}],"wp:featuredmedia":[{"embeddable":true,"href":"https:\/\/www.hautquartier.com\/wp-json\/wp\/v2\/media\/1508"}],"wp:attachment":[{"href":"https:\/\/www.hautquartier.com\/wp-json\/wp\/v2\/media?parent=3736"}],"wp:term":[{"taxonomy":"product_brand","embeddable":true,"href":"https:\/\/www.hautquartier.com\/wp-json\/wp\/v2\/product_brand?post=3736"},{"taxonomy":"product_cat","embeddable":true,"href":"https:\/\/www.hautquartier.com\/wp-json\/wp\/v2\/product_cat?post=3736"},{"taxonomy":"product_tag","embeddable":true,"href":"https:\/\/www.hautquartier.com\/wp-json\/wp\/v2\/product_tag?post=3736"}],"curies":[{"name":"wp","href":"https:\/\/api.w.org\/{rel}","templated":true}]}}